{"id":7,"date":"2017-01-17T18:56:08","date_gmt":"2017-01-17T17:56:08","guid":{"rendered":"http:\/\/chroniquesdechasse.fr\/?page_id=7"},"modified":"2017-07-27T09:49:55","modified_gmt":"2017-07-27T07:49:55","slug":"accueil","status":"publish","type":"page","link":"https:\/\/chroniquesdechasse.fr\/","title":{"rendered":"Accueil"},"content":{"rendered":"<p>Bienvenue \u00e0 tous sur mon site recueillant <strong>tous mes souvenirs de Chasse depuis mon 1er permis fin 2008<\/strong> :<\/p>\n<ul>\n<li>Essentiellement des Journ\u00e9es de Chasse avec mon P\u00e8re, mais\u00a0aussi quelques jolis souvenirs entre &#8220;amis&#8221;,<\/li>\n<li>dans l&#8217;Eure, le Val d&#8217;Oise ou la Seine-et-Marne,<\/li>\n<li>Petit et Grand Gibier,<\/li>\n<li>Principalement de la billebaude, en Battue, et depuis peu\u00a0quelques approches!<\/li>\n<\/ul>\n<p><strong>Et pour garder toute discr\u00e9tion sur notre loisir, \u00e0 chacun son mot de passe!<\/strong><\/p>\n<p>&nbsp;<\/p>\n<p>Le lien pour voir les <a href=\"http:\/\/chroniquesdechasse.fr\/?page_id=10\"><strong>ACTUALITES<\/strong><\/a> sur le monde de la Chasse que je poste r\u00e9guli\u00e8rement.<\/p>\n<p>Bonne visite,<\/p>\n<p>Romain.<\/p>\n<p><a href=\"http:\/\/chroniquesdechasse.fr\/wp-content\/uploads\/2017\/04\/IMG_0558.jpg\" data-rel=\"lightbox-image-0\" data-rl_title=\"\" data-rl_caption=\"\" title=\"\"><img loading=\"lazy\" class=\"alignleft wp-image-10958 size-medium\" src=\"http:\/\/chroniquesdechasse.fr\/wp-content\/uploads\/2017\/04\/IMG_0558-300x149.jpg\" alt=\"\" width=\"300\" height=\"149\" srcset=\"https:\/\/chroniquesdechasse.fr\/wp-content\/uploads\/2017\/04\/IMG_0558-300x149.jpg 300w, https:\/\/chroniquesdechasse.fr\/wp-content\/uploads\/2017\/04\/IMG_0558.jpg 720w\" sizes=\"(max-width: 300px) 100vw, 300px\" \/><\/a><\/p>\n<p>&nbsp;<\/p>\n","protected":false},"excerpt":{"rendered":"<p>Bienvenue \u00e0 tous sur mon site recueillant tous mes souvenirs de Chasse depuis mon 1er permis fin 2008 : Essentiellement des Journ\u00e9es de Chasse avec mon P\u00e8re, mais\u00a0aussi quelques jolis souvenirs entre &#8220;amis&#8221;, dans l&#8217;Eure, le Val d&#8217;Oise ou la<\/p>\n","protected":false},"author":1,"featured_media":717,"parent":0,"menu_order":0,"comment_status":"closed","ping_status":"closed","template":"","meta":[],"_links":{"self":[{"href":"https:\/\/chroniquesdechasse.fr\/index.php?rest_route=\/wp\/v2\/pages\/7"}],"collection":[{"href":"https:\/\/chroniquesdechasse.fr\/index.php?rest_route=\/wp\/v2\/pages"}],"about":[{"href":"https:\/\/chroniquesdechasse.fr\/index.php?rest_route=\/wp\/v2\/types\/page"}],"author":[{"embeddable":true,"href":"https:\/\/chroniquesdechasse.fr\/index.php?rest_route=\/wp\/v2\/users\/1"}],"replies":[{"embeddable":true,"href":"https:\/\/chroniquesdechasse.fr\/index.php?rest_route=%2Fwp%2Fv2%2Fcomments&post=7"}],"version-history":[{"count":8,"href":"https:\/\/chroniquesdechasse.fr\/index.php?rest_route=\/wp\/v2\/pages\/7\/revisions"}],"predecessor-version":[{"id":11285,"href":"https:\/\/chroniquesdechasse.fr\/index.php?rest_route=\/wp\/v2\/pages\/7\/revisions\/11285"}],"wp:featuredmedia":[{"embeddable":true,"href":"https:\/\/chroniquesdechasse.fr\/index.php?rest_route=\/wp\/v2\/media\/717"}],"wp:attachment":[{"href":"https:\/\/chroniquesdechasse.fr\/index.php?rest_route=%2Fwp%2Fv2%2Fmedia&parent=7"}],"curies":[{"name":"wp","href":"https:\/\/api.w.org\/{rel}","templated":true}]}}