{"id":36,"date":"2017-01-18T00:56:30","date_gmt":"2017-01-17T23:56:30","guid":{"rendered":"http:\/\/chroniquesdechasse.fr\/?page_id=36"},"modified":"2017-08-16T14:38:26","modified_gmt":"2017-08-16T12:38:26","slug":"peche","status":"publish","type":"page","link":"https:\/\/chroniquesdechasse.fr\/?page_id=36","title":{"rendered":"P\u00eache"},"content":{"rendered":"<p>Quelques souvenirs de P\u00eache :<\/p>\n<p>&#8211; <a href=\"http:\/\/chroniquesdechasse.fr\/?page_id=953\"><strong>en famille dans le Loiret<\/strong><\/a>, sur \u00e9tangs,<\/p>\n<p>&#8211; <strong><a href=\"http:\/\/chroniquesdechasse.fr\/?page_id=957\">en mer<\/a><\/strong>, sur la C\u00f4te Basque ou en Bretagne,<\/p>\n<p>&#8211; <a href=\"http:\/\/chroniquesdechasse.fr\/?page_id=11308\"><strong>en eau douce<\/strong><\/a>, en Bretagne,<\/p>\n<p>&#8211; <a href=\"http:\/\/chroniquesdechasse.fr\/?page_id=959\"><strong>en Irlande<\/strong> <\/a>pour p\u00eacher\u00a0le brochet,<\/p>\n<p>&#8211; et quelques journ\u00e9es de <strong><a href=\"http:\/\/chroniquesdechasse.fr\/?page_id=961\">P\u00eache \u00e0 la Mouche<\/a><\/strong>.<\/p>\n","protected":false},"excerpt":{"rendered":"<p>Quelques souvenirs de P\u00eache : &#8211; en famille dans le Loiret, sur \u00e9tangs, &#8211; en mer, sur la C\u00f4te Basque ou en Bretagne, &#8211; en eau douce, en Bretagne, &#8211; en Irlande pour p\u00eacher\u00a0le brochet, &#8211; et quelques journ\u00e9es de<\/p>\n","protected":false},"author":1,"featured_media":709,"parent":0,"menu_order":0,"comment_status":"closed","ping_status":"closed","template":"","meta":[],"_links":{"self":[{"href":"https:\/\/chroniquesdechasse.fr\/index.php?rest_route=\/wp\/v2\/pages\/36"}],"collection":[{"href":"https:\/\/chroniquesdechasse.fr\/index.php?rest_route=\/wp\/v2\/pages"}],"about":[{"href":"https:\/\/chroniquesdechasse.fr\/index.php?rest_route=\/wp\/v2\/types\/page"}],"author":[{"embeddable":true,"href":"https:\/\/chroniquesdechasse.fr\/index.php?rest_route=\/wp\/v2\/users\/1"}],"replies":[{"embeddable":true,"href":"https:\/\/chroniquesdechasse.fr\/index.php?rest_route=%2Fwp%2Fv2%2Fcomments&post=36"}],"version-history":[{"count":13,"href":"https:\/\/chroniquesdechasse.fr\/index.php?rest_route=\/wp\/v2\/pages\/36\/revisions"}],"predecessor-version":[{"id":11338,"href":"https:\/\/chroniquesdechasse.fr\/index.php?rest_route=\/wp\/v2\/pages\/36\/revisions\/11338"}],"wp:featuredmedia":[{"embeddable":true,"href":"https:\/\/chroniquesdechasse.fr\/index.php?rest_route=\/wp\/v2\/media\/709"}],"wp:attachment":[{"href":"https:\/\/chroniquesdechasse.fr\/index.php?rest_route=%2Fwp%2Fv2%2Fmedia&parent=36"}],"curies":[{"name":"wp","href":"https:\/\/api.w.org\/{rel}","templated":true}]}}